 -12311 + 11?
-12300
In base 13, what is -5 - 37?
-3c
In base 10, what is -32 + 10?
-22
In base 13, what is 13a + -3?
137
In base 2, what is 1011101110 + -1?
1011101101
In base 15, what is 2 + -502?
-500
In base 16, what is 3 - -ef?
f2
In base 10, what is 6 + -5?
1
In base 5, what is 2 + -1021?
-1014
In base 2, what is -101 + 10010001?
10001100
In base 2, what is 11 - -1001?
1100
In base 2, what is -10010111110 - 101?
-10011000011
In base 16, what is 1 + ea?
eb
In base 12, what is -5a99 - 0?
-5a99
In base 9, what is 1317 - -1?
1318
In base 6, what is 11 - 105?
-54
In base 6, what is 2434 + 4?
2442
In base 3, what is -1222 - 102?
-2101
In base 5, what is 112 - 0?
112
In base 2, what is -11001111 + 100?
-11001011
In base 9, what is -212 - -37?
-164
In base 12, what is -2 + 26a?
268
In base 11, what is 0 - 47?
-47
In base 11, what is -675 + -2?
-677
In base 16, what is -4 + 2fd?
2f9
In base 5, what is 13314 - 2?
13312
In base 13, what is 3 + 1c?
22
In base 3, what is -10121 - 11?
-10202
In base 16, what is -3 + -15?
-18
In base 14, what is 2 + -347?
-345
In base 6, what is 154243 + 1?
154244
In base 3, what is -21200 + -102?
-22002
In base 5, what is 4121 - -3?
4124
In base 5, what is -1 - -20011?
20010
In base 5, what is -33 + -331?
-414
In base 13, what is -3 + 9b1?
9ab
In base 11, what is -5 + 439?
434
In base 15, what is 2c + -d?
1e
In base 7, what is -2 - 4300?
-4302
In base 8, what is 1 - -1161?
1162
In base 15, what is 3c - -5?
42
In base 11, what is -105 + 22?
-93
In base 7, what is 64 - -263?
360
In base 3, what is 12 - 121021?
-121002
In base 7, what is 2600 - -4?
2604
In base 13, what is -11 + -3a0?
-3b1
In base 13, what is -5 - -313?
30b
In base 10, what is 29 - -1?
30
In base 9, what is -5 - 20?
-25
In base 5, what is 1121 - -4?
1130
In base 15, what is 88e - -b?
89a
In base 13, what is -4 + 7?
3
In base 2, what is 110110 + 1001110?
10000100
In base 12, what is 3 - -67b?
682
In base 11, what is 1a7 + -4?
1a3
In base 11, what is 589 + 16?
5a4
In base 5, what is 401112 + -2?
401110
In base 3, what is -12 + 1122?
1110
In base 10, what is 7 + 0?
7
In base 9, what is -130 + 233?
103
In base 10, what is -15 + -1?
-16
In base 7, what is -2 + -160?
-162
In base 8, what is -2347 - 1?
-2350
In base 15, what is dc - 9?
d3
In base 14, what is -2 + 1c?
1a
In base 16, what is 1f - 2?
1d
In base 11, what is 83 + -2?
81
In base 3, what is -21000 - 10?
-21010
In base 12, what is -12 + 104?
b2
In base 9, what is -3 + -28?
-32
In base 12, what is -269 + 2?
-267
In base 11, what is -5 + 63?
59
In base 8, what is -3 - -55?
52
In base 2, what is 11 - 11000110?
-11000011
In base 12, what is 38 + 20?
58
In base 15, what is -29 + -3?
-2c
In base 9, what is 0 + 731?
731
In base 10, what is 13 - 4?
9
In base 10, what is -1 - 657?
-658
In base 13, what is 3 - -422?
425
In base 12, what is -27b + 1?
-27a
In base 15, what is -4a - -3?
-47
In base 11, what is 0 + -48?
-48
In base 11, what is -4 - 268?
-271
In base 11, what is -1 + -4904?
-4905
In base 15, what is 9 + -cb?
-c2
In base 14, what is aa2 - -5?
aa7
In base 8, what is -11 - 52?
-63
In base 5, what is -4 + -344?
-403
In base 4, what is -3 - -1322023?
1322020
In base 6, what is 3 - 1244?
-1241
In base 9, what is 3 + -260?
-256
In base 15, what is -8 + -a31?
-a39
In base 14, what is -20 + -2c?
-4c
In base 2, what is 100 - -11110?
100010
In base 2, what is -110001101 + 10?
-110001011
In base 13, what is 3 - -237?
23a
In base 12, what is 8 + 2?
a
In base 12, what is 3 + -5?
-2
In base 3, what is 112121120 - -1?
112121121
In base 13, what is 43 + -40?
3
In base 5, what is 12403 - -2?
12410
In base 15, what is -4 - 330?
-334
In base 4, what is -22 + 100333?
100311
In base 9, what is -13 - -13?
0
In base 13, what is -1c3 - -5?
-1bb
In base 12, what is -4 - 28b8?
-2900
In base 12, what is 28 + 12?
3a
In base 2, what is -1011 + 1001100?
1000001
In base 12, what is -2 - -760?
75a
In base 4, what is -11222 + -211?
-12033
In base 3, what is -20 - 1102?
-1122
In base 3, what is -12 + -11?
-100
In base 16, what is bce + 7?
bd5
In base 9, what is 5 - -117?
123
In base 16, what is 2 + -dc?
-da
In base 6, what is -2 + -32?
-34
In base 13, what is -9 - 323?
-32c
In base 15, what is -2e - -1b?
-13
In base 15, what is 47b6 - 0?
47b6
In base 11, what is 137 - -30?
167
In base 13, what is -2 + 220?
21b
In base 15, what is -6 - -73?
6c
In base 5, what is 143 + 4?
202
In base 11, what is 1 + -23a9?
-23a8
In base 10, what is -833 - 1?
-834
In base 15, what is 63 + 0?
63
In base 16, what is 7 + -c?
-5
In base 11, what is -144 - -3?
-141
In base 15, what is 10 - e9?
-d9
In base 15, what is 2 + d71?
d73
In base 14, what is -283 - 4?
-287
In base 9, what is -41 - 4?
-45
In base 15, what is -969 - 0?
-969
In base 9, what is -66 + 64?
-2
In base 10, what is 154 + -2?
152
In base 4, what is 1 + 33?
100
In base 4, what is 2022200 + 11?
2022211
In base 7, what is 3 - -14410?
14413
In base 10, what is -346 + 0?
-346
In base 5, what is -21 - -10?
-11
In base 2, what is 101101 + -10010?
11011
In base 8, what is -5234 + -5?
-5241
In base 9, what is 4 - -18?
23
In base 15, what is 422 - 5?
41c
In base 12, what is 0 - -21?
21
In base 10, what is 39 + 6?
45
In base 12, what is 69 - -a3?
150
In base 3, what is 2021210 + -10?
2021200
In base 13, what is -12c + 1?
-12b
In base 8, what is 13573 + -4?
13567
In base 2, what is 1 + -1100110?
-1100101
In base 4, what is 12 + 131?
203
In base 5, what is -2 + 13223?
13221
In base 16, what is -4 - 3?
-7
In base 8, what is 24 + 7?
33
In base 5, what is -10 + 1?
-4
In base 14, what is -228 + 0?
-228
In base 16, what is -3 + 251?
24e
In base 8, what is -2 + 75?
73
In base 2, what is 100 - 1100010010?
-1100001110
In base 10, what is -341 + 0?
-341
In base 9, what is -5 - 2464?
-2470
In base 9, what is -4 - 72?
-76
In base 11, what is 26 + 273?
299
In base 3, what is 2 + -1122?
-1120
In base 13, what is -25 + -1b?
-43
In base 7, what is 3014 - -3?
3020
In base 10, what is -444 - -1?
-443
In base 8, what is 1 - 106?
-105
In base 16, what is 1 + b9?
ba
In base 5, what is -20302 - 2?
-20304
In base 9, what is 611 + -3?
607
In base 4, what is 23 + 30?
113
In base 11, what is 1318 + 3?
1320
In base 4, what is -2 + -303?
-311
In base 13, what is 0 - 20?
-20
In base 2, what is 11 + 111011000?
111011011
In base 12, what is -6b + 100?
51
In base 15, what is 0 - -b1?
b1
In base 8, what is 0 - 214?
-214
In base 10, what is -86 - -1?
-85
In base 3, what is 10211 + 1211?
12122
In base 4, what is 300 + 130?
1030
In base 10, what is -2 + -120?
-122
In base 3, what is -10212 - -12?
-10200
In base 10, what is 96 + -43?
53
In base 2, what is -10110010 + 0?
-10110010
In base 16, what is -1 - 43?
-44
In base 8, what is 27 + -204?
-155
In base 5, what is -1314 - 113?
-1432
In base 10, what is -89 + 8?
-81
In base 7, what is -23 + 321?
265
In base 15, what is 38 - -28?
61
In base 11, what is 5 + -34?
-2a
In base 2, what is -110001 + 1?
-110000
In base 3, what is -221012 - 212?
-222001
In base 2, what is -111 + 11010?
10011
In base 10, what is -9 - -533?
524
In base 13, what is 2 - -20?
22
In base 10, what is 4 + -4?
0
In base 10, what is -33 + -209?
-242
In base 2, what is -100 + -1001100?
-1010000
In base 16, what is 4 + -61?
-5d
In base 9, what is -52 + 0?
-52
In base 9, what is 2 + -51?
-48
In base 2, what is -11111011 - 100?
-11111111
In base 13, what is 26 + -26?
0
In base 5, what is -1310 + 1?
-1304
In base 6, what is -4 + 2?
-2
In base 10, what is 3 - -217?
220
In base 2, what is 10 + -1000000?
-111110
In base 15, what is 862 + -4?
85d
In base 7, what is 122 + 163?
315
In base 6, what is -15 + 1?
-14
In base 8, what is -3 + 52?
47
In base 11, what is -7 - 329?
-335
In base 3, what is 1000 + 20?
1020
In base 15, what is 2 - 158?
-156
In base 16, what is 1 - d66?
-d65
In base 2, what is -11101101 + 1?
-11101100
In base 3, what is 20 + -10011210?
-10011120
In base 10, what is -63 - -6?
-57
In base 4, what is -13 - -1333?
1320
In base 2, what is -10001111110 + 100?
-10001111010
In base 11, what is -4a8 - 1?
-4a9
In base 11, what is 14 + 43?
57
In base 16, what is 0 + 56?
56
In base 14, what is -45 + 52?
b
In base 11, what is 195 - -4?
199
In base 13, what is -3c3 + 3?
-3c0
In base 2, what is -110 - 100101000?
-100101110
In b